v(g) = -8*g. Let r be v(-2). Calculate the highest common divisor of r and 24.
8
Let x = 12 + -7. Let f be (-2)/x*(-285)/3. What is the highest common divisor of f and 57?
19
Suppose -64 = -5*w + 11. Calculate the highest common factor of w and 240.
15
Let w = 108 + -88. What is the highest common divisor of w and 60?
20
Let s(v) = -4*v - 10. Let h be s(-8). Let j = -16 + h. Let i be (-36)/(-10) + 6/15. What is the greatest common divisor of i and j?
2
Suppose 2*x - 10 = -4*m, -5*m - x - 4*x = -5. Let y be 0 - (20 - (1 + -1)). Let j = y - -32. Calculate the greatest common divisor of m and j.
4
Let m = 14 - 12. Suppose 3*s - 105 = -5*j, -56 = -m*j - 0*j - 4*s. What is the highest common divisor of j and 2?
2
Suppose 3*r - 6 = 9. Calculate the greatest common divisor of 55 and r.
5
Let n = -27 + 45. Suppose -2*d + 4 = -n. Suppose -5 - 149 = -2*m. Calculate the highest common factor of m and d.
11
Suppose 0 = -3*r + 5*i - i + 219, 2*r - 148 = 2*i. What is the highest common divisor of r and 7?
7
Suppose 2*o - 2*a + 5*a = 85, -4*a = 2*o - 80. What is the highest common divisor of 125 and o?
25
Let g(m) be the second derivative of 23*m**4/6 - m**3/3 + m**2/2 + 3*m. Let n be g(1). Calculate the greatest common divisor of 18 and n.
9
Suppose 0 = -20*h + 23*h - 33. What is the highest common factor of 77 and h?
11
Let z be 0 + 1 + -1 + 0. Suppose -f + 2 = -z*f. Suppose 7*d - f*d + 55 = q, -2*q = d - 121. What is the highest common divisor of 6 and q?
6
Let n be 56/(-10)*(4 - 165/10). Let h be (10/(-3))/((-2)/6). What is the greatest common factor of h and n?
10
Let f be 0/2 - (-2)/1. Suppose 2*g - f = g. Suppose -g*m - h = -5*h - 170, -2*m - 2*h + 158 = 0. Calculate the highest common factor of 9 and m.
9
Let c = -24 + 42. Let k be (-2)/(-5) + 16/10. Suppose -k*a + 399 = -0*a + 3*z, -2*a - 4*z = -400. What is the highest common divisor of c and a?
18
Let g(d) = d**3 - 3*d**2 - 2*d + 2. Let p be g(3). Let u = p - -2. Let i be (u/3)/(4/(-54)). What is the greatest common factor of 27 and i?
9
Let t be 0/1*-1 + 32. Suppose 1 = 3*o + 4*v - 7, 2*o - 5*v - 13 = 0. Calculate the highest common divisor of o and t.
4
Let c(h) = -h**2 - 8*h + 9. Let k be (-3)/(-12) + 37/(-4). Let f be c(k). Suppose f = 4*o - o - 264. Calculate the highest common divisor of o and 11.
11
Let b be (-2)/(-7) + (0 - (-918)/21). Let t be (9 - -2) + 0 + 0. Calculate the highest common factor of b and t.
11
Let l be 3/(2*1/6). Let r(k) = -3*k + 9. Let d be r(-9). Calculate the highest common factor of d and l.
9
Let b(p) = -12*p - 9. Let k be b(-6). Let d(r) = 6*r**2 - 2*r - 1. Let j be (-2)/((2*2)/2). Let w be d(j). Calculate the highest common divisor of w and k.
7
Suppose -3*x = -3*t + 108, -3*t + 63 + 50 = 2*x. Let s be t/2 - (-2)/(-4). Let q = 27 - -9. Calculate the greatest common divisor of s and q.
18
Let t = 87 + -45. What is the highest common divisor of 28 and t?
14
Let g = 51 + -29. Let i = 185 + g. Calculate the highest common factor of i and 23.
23
Suppose 0 = 2*a + m - 9, 0*a - 2*m - 9 = -5*a. Suppose 4*s = -a*x + 161, -x + 0*x = -s + 49. What is the highest common factor of s and 4?
4
Suppose 2*h = -5*l + 5, 0*l - 2*h + 12 = -2*l. Let y = 5 + l. Suppose -5*u = -u + 3*t - 39, 0 = 4*u - 4*t - 4. What is the highest common divisor of y and u?
2
Let t(k) = -k**3 + 3*k**2 - k - 2. Let y be t(3). Let j be 2/(-2) + 25 + y. What is the greatest common divisor of j and 133?
19
Suppose 5*i = i + 88. Let q be (-1 - -2)/(2/i). What is the greatest common divisor of q and 11?
11
Suppose j + 5 - 601 = -2*y, -895 = -3*y - 2*j. What is the highest common divisor of y and 33?
33
Let d = -20 + 150. Calculate the highest common divisor of 52 and d.
26
Let a = 27 - -16. Suppose -k = a - 13. Let f = k - -110. What is the greatest common divisor of 32 and f?
16
Let l(a) = 5*a**2 - 2*a - 2. Let g be l(-1). Suppose -3 = -5*t - 2*y, 4*y = -t + 5*y + 2. Calculate the highest common divisor of t and g.
1
Let p(a) = a**3 + 11*a**2 - a - 8. Let l be p(-11). What is the greatest common divisor of 3 and l?
3
Let l = 280 - 226. Suppose -4*d - 38 = -5*r, -r - 2 = 5*d + 2. What is the highest common divisor of r and l?
6
Let l(x) = x**2 + 4*x + 3. Let s be l(-4). Suppose 54 = 5*j + s*a, 8*a - 6 = -j + 5*a. What is the highest common divisor of j and 8?
4
Let r = 156 + -92. What is the highest common factor of r and 8?
8
Let f(k) be the third derivative of 19*k**4/24 + 5*k**3/6 + 3*k**2. Let t be f(4). What is the highest common divisor of 9 and t?
9
Suppose 4*o + 12 = z - 9, 5*z = 2*o + 33. Suppose 3*c + 4*q - 290 + 105 = 0, -z*q - 131 = -2*c. Let m = c - 23. What is the highest common factor of 10 and m?
10
Let i = -8 - -12. Suppose 5*h - 4*h - 2 = 0. Suppose -h*r + 7 = -1. Calculate the greatest common factor of i and r.
4
Let z = 1 + 16. Let y(s) = -s**3 + 3*s**2 - 1. Let v be y(2). Suppose l + 68 = v*l. Calculate the greatest common divisor of z and l.
17
Suppose -11 = -2*o - 37. Let m = o - -23. What is the highest common divisor of m and 10?
10
Suppose 0 = -5*y - 0*y - 10. Let h be 15*(-2)/6*y. Suppose 4*j - 8 = -2*g, 10*j = -g + 9*j + 7. Calculate the greatest common factor of g and h.
10
Let a be 30/26 - 2/13. Let k = 23 + a. Suppose 6*o = o, -5*u + 80 = -o. What is the highest common divisor of k and u?
8
Suppose a = -a + 20. What is the greatest common divisor of 10 and a?
10
Let i be (-1004)/(-10) + (-4)/10. Let r(g) = 26*g**2 + g - 2. Let l be r(1). What is the highest common factor of i and l?
25
Let o = 191 - 149. Calculate the highest common divisor of o and 6.
6
Let r(y) be the first derivative of -y**3/3 - 5*y**2 - 9*y - 1. Let b be r(-7). What is the highest common divisor of b and 12?
12
Let x be (2 + 27)*1 + 7 + -11. What is the highest common factor of 125 and x?
25
Let m(i) = -i**3 - 3 - 13*i**3 + 4 - i**2. Let v be m(-1). Calculate the highest common factor of 28 and v.
14
Suppose 55 = 2*f - f. Let m = f + -30. What is the greatest common factor of m and 25?
25
Suppose -5*n - 3*d = -258, -2*n - 3*d + 96 = -0*d. Calculate the greatest common divisor of 36 and n.
18
Suppose 0 = 5*a - 2*a + 18. Let b be (-4)/12 + (-434)/a. Suppose 0 = -r + 5 + 3. Calculate the greatest common factor of r and b.
8
Suppose 0*g - 5*n + 30 = 5*g, -4*g = 5*n - 29. Let x be (-2 - g) + 21 + -4. What is the highest common factor of x and 42?
14
Suppose 3*z = -0*z + 5*n + 11, 0 = -n - 4. Let a = 17 + z. Let k = -2 + a. What is the greatest common divisor of 12 and k?
12
Let u be 1/(28/(-16) - -2). Calculate the highest common factor of 10 and u.
2
Let l(o) = -40*o + 10. Suppose c = 7*c + 30. Let g be l(c). What is the greatest common factor of g and 30?
30
Let j = -5 + 7. Suppose 5*r + j = a, -12 = 2*a - 5*r - 36. Calculate the highest common factor of a and 44.
22
Let f be 0/((-1)/(1 + -2)). Let x(h) = -h**3 + h**2 - h + 16. Let s be x(f). Let y be 2 + 7/((-21)/(-186)). Calculate the greatest common divisor of s and y.
16
Let l = 13 - 32. Let c = -8 - l. Let d = -3 + 14. What is the greatest common factor of c and d?
11
Let d(h) = 60*h. Let b be d(5). Let m be 2/7 - b/(-28). What is the highest common factor of 33 and m?
11
Let r be (3/(-2))/(12/(-160)). What is the greatest common divisor of 5 and r?
5
Let s = 20 - 6. Let m be s/10 + 2/(-5). Let y be 0 + -1 + (-2 - -14). Calculate the greatest common divisor of m and y.
1
Let z(g) = -3*g**3 - 2*g**2 - g. Let b be z(-2). What is the greatest common divisor of 9 and b?
9
Let l be (8/(-6))/(4/(-18)). Suppose -2*s - 3 = 9. Let w(r) = -r**2 - 7*r. Let y be w(s). Calculate the greatest common divisor of l and y.
6
Let d = -24 + 231. Calculate the greatest common divisor of d and 23.
23
Let a = -21 - -30. Let h = -15 - -34. Let w = h - 16. Calculate the highest common factor of a and w.
3
Let v be -10*(2/10 + (-27)/10). Suppose y = -2*y + 15. What is the highest common divisor of y and v?
5
Let r = -40 + 73. What is the highest common factor of r and 11?
11
Suppose 3*o - 32 = -5*t, 24 = 3*o + 2*t + t. What is the greatest common factor of o and 26?
2
Suppose -10*g + 345 = -7*g. What is the highest common factor of g and 23?
23
Let o be -3*6/(-9)*12. What is the greatest common divisor of o and 8?
8
Let x be (-55)/(-20) - 3/4. Suppose x*l = -2*l + 2*a + 28, -